{"id":20,"date":"2023-05-09T18:19:48","date_gmt":"2023-05-09T21:19:48","guid":{"rendered":"https:\/\/www.ecocentropampazul.com.ar\/?page_id=20"},"modified":"2023-10-24T16:53:51","modified_gmt":"2023-10-24T19:53:51","slug":"faros","status":"publish","type":"page","link":"https:\/\/www.ecocentropampazul.com.ar\/pampaazul\/inicio\/que-tenemos\/faros\/","title":{"rendered":"Faros"},"content":{"rendered":"\n<div class=\"texto-destacado-1\">Los Faros de Pampa Azul tienen por objetivo concientizar sobre nuestro territorio costero-marino bicontinental y constituirse en \u201cfaros\u201d de conocimiento del Mar Argentino.<\/div>\n\n\n\n<div class=\"texto-destacado-2\">Iluminan el Mar Argentino, nuestra Pampa Azul.<\/div>\n\n\n\n<div class=\"texto-destacado-3\">Con m\u00e1s ciencia y de cara al mar.<\/div>\n\n\n\n<hr class=\"wp-block-separator has-alpha-channel-opacity\"\/>\n\n\n\n<p>Son centros de interpretaci\u00f3n, investigaci\u00f3n, educaci\u00f3n y arte costero-marino que buscan fortalecer la soberan\u00eda nacional sobre el mar desde una mirada sustentable, vinculandose con la comunidad.<\/p>\n\n\n\n<hr class=\"wp-block-separator has-alpha-channel-opacity\"\/>\n\n\n\n<p>Estos centros cient\u00edficos de divulgaci\u00f3n del mar, y las actividades productivas que all\u00ed se desarrollan, se vinculan con la sociedad bajo una mirada federal y soberana.&nbsp;<\/p>\n\n\n\n<hr class=\"wp-block-separator has-alpha-channel-opacity\"\/>\n\n\n\n<p>El primer Faro de la iniciativa es el Ecocentro Pampa Azul, situado en la ciudad de Puerto Madryn e inaugurado el 25 de noviembre de 2022.<\/p>\n\n\n\n<figure class=\"wp-block-image size-full is-resized\"><img loading=\"lazy\" decoding=\"async\" width=\"509\" height=\"355\" src=\"http:\/\/www.ecocentropampazul.com.ar\/wp-content\/uploads\/2023\/05\/imagen.png\" alt=\"\" class=\"wp-image-75\" style=\"width:510px;height:356px\" srcset=\"https:\/\/www.ecocentropampazul.com.ar\/pampaazul\/wp-content\/uploads\/2023\/05\/imagen.png 509w, https:\/\/www.ecocentropampazul.com.ar\/pampaazul\/wp-content\/uploads\/2023\/05\/imagen-300x209.png 300w\" sizes=\"auto, (max-width: 509px) 100vw, 509px\" \/><\/figure>\n\n\n\n<p><sup>Imagen: Creaci\u00f3n del Ecocentro<\/sup><\/p>\n\n\n\n<p>Creaci\u00f3n del Ecocentro Pampa Azul<\/p>\n\n\n\n<figure class=\"wp-block-embed is-type-video is-provider-youtube wp-block-embed-youtube wp-embed-aspect-16-9 wp-has-aspect-ratio\"><div class=\"wp-block-embed__wrapper\">\n<iframe loading=\"lazy\" title=\"Preparando el Ecocentro Pampa Azul\" width=\"525\" height=\"295\" src=\"https:\/\/www.youtube.com\/embed\/kwKXAWoted0?feature=oembed\" frameborder=\"0\" allow=\"accelerometer; autoplay; clipboard-write; encrypted-media; gyroscope; picture-in-picture; web-share\" referrerpolicy=\"strict-origin-when-cross-origin\" allowfullscreen><\/iframe>\n<\/div><\/figure>\n\n\n\n<hr class=\"wp-block-separator has-alpha-channel-opacity\"\/>\n\n\n\n<p>Ecocentro de Puerto Madryn: Primer &#8220;Faro de Pampa Azul&#8221; de la Argentina.<\/p>\n\n\n\n<figure class=\"wp-block-embed is-type-video is-provider-youtube wp-block-embed-youtube wp-embed-aspect-16-9 wp-has-aspect-ratio\"><div class=\"wp-block-embed__wrapper\">\n<iframe loading=\"lazy\" title=\"Ecocentro de Puerto Madryn: Primer &quot;Faro de Pampa Azul&quot; de la Argentina.\" width=\"525\" height=\"295\" src=\"https:\/\/www.youtube.com\/embed\/QTIbylWZjTM?feature=oembed\" frameborder=\"0\" allow=\"accelerometer; autoplay; clipboard-write; encrypted-media; gyroscope; picture-in-picture; web-share\" referrerpolicy=\"strict-origin-when-cross-origin\" allowfullscreen><\/iframe>\n<\/div><\/figure>\n\n\n\n<hr class=\"wp-block-separator has-alpha-channel-opacity\"\/>\n\n\n\n<p><strong>Pr\u00f3ximos Faros de Pampa Azul:&nbsp;<\/strong><\/p>\n\n\n\n<ul class=\"wp-block-list\">\n<li>Faro de Pampa Azul de Bah\u00eda Blanca<\/li>\n<\/ul>\n\n\n\n<p>A trav\u00e9s de la vinculaci\u00f3n virtuosa del MINCyT con el Consorcio de Gesti\u00f3n del Puerto de Bah\u00eda Blanca y el Instituto Argentino de Oceanograf\u00eda (IADO), entidad de doble dependencia entre la Universidad Nacional del Sur (UNS) y el CONICET, se crear\u00e1 el Faro de Pampa Azul &#8211; Bah\u00eda Blanca.<\/p>\n\n\n\n<p>Su meta ser\u00e1 comunicar y destacar los principalmente los logros en materia de desarrollo e innovaci\u00f3n tecnol\u00f3gica marina y las aplicaciones de esto en la mejora de la gesti\u00f3n de los puertos<\/p>\n\n\n\n<ul class=\"wp-block-list\">\n<li>Faro de Pampa Azul de Ant\u00e1rtida (Base Brown)&nbsp;<\/li>\n<\/ul>\n\n\n\n<p>A trav\u00e9s de la articulaci\u00f3n entre el MINCyT, la Secretar\u00eda de Malvinas, Ant\u00e1rtida y Atl\u00e1ntico Sur, la Direcci\u00f3n Nacional del Ant\u00e1rtico, el Instituto Ant\u00e1rtico Argentino y el Comando Conjunto Ant\u00e1rtico se crear\u00e1 el Faro de Pampa Azul en la Ant\u00e1rtida<\/p>\n\n\n\n<p>Los ejes tem\u00e1ticos a destacar ser\u00e1n: 1) La presencia hist\u00f3rica argentina en la Ant\u00e1rtida en materia de investigaci\u00f3n y el rol de las mujeres en esto; 2) El Cambio Clim\u00e1tico; y 3) El \u00c1rea Marina Protegida impulsada por la Argentina y Chile.<\/p>\n","protected":false},"excerpt":{"rendered":"<p>Los Faros de Pampa Azul tienen por objetivo concientizar sobre nuestro territorio costero-marino bicontinental y constituirse en \u201cfaros\u201d de conocimiento del Mar Argentino. Iluminan el Mar Argentino, nuestra Pampa Azul. Con m\u00e1s ciencia y de cara al mar. Son centros de interpretaci\u00f3n, investigaci\u00f3n, educaci\u00f3n y arte costero-marino que buscan fortalecer la soberan\u00eda nacional sobre el &hellip; <\/p>\n<p class=\"link-more\"><a href=\"https:\/\/www.ecocentropampazul.com.ar\/pampaazul\/inicio\/que-tenemos\/faros\/\" class=\"more-link\">Continue reading<span class=\"screen-reader-text\"> &#8220;Faros&#8221;<\/span><\/a><\/p>\n","protected":false},"author":1,"featured_media":0,"parent":16,"menu_order":1,"comment_status":"closed","ping_status":"closed","template":"","meta":{"footnotes":""},"class_list":["post-20","page","type-page","status-publish","hentry"],"_links":{"self":[{"href":"https:\/\/www.ecocentropampazul.com.ar\/pampaazul\/wp-json\/wp\/v2\/pages\/20","targetHints":{"allow":["GET"]}}],"collection":[{"href":"https:\/\/www.ecocentropampazul.com.ar\/pampaazul\/wp-json\/wp\/v2\/pages"}],"about":[{"href":"https:\/\/www.ecocentropampazul.com.ar\/pampaazul\/wp-json\/wp\/v2\/types\/page"}],"author":[{"embeddable":true,"href":"https:\/\/www.ecocentropampazul.com.ar\/pampaazul\/wp-json\/wp\/v2\/users\/1"}],"replies":[{"embeddable":true,"href":"https:\/\/www.ecocentropampazul.com.ar\/pampaazul\/wp-json\/wp\/v2\/comments?post=20"}],"version-history":[{"count":10,"href":"https:\/\/www.ecocentropampazul.com.ar\/pampaazul\/wp-json\/wp\/v2\/pages\/20\/revisions"}],"predecessor-version":[{"id":248,"href":"https:\/\/www.ecocentropampazul.com.ar\/pampaazul\/wp-json\/wp\/v2\/pages\/20\/revisions\/248"}],"up":[{"embeddable":true,"href":"https:\/\/www.ecocentropampazul.com.ar\/pampaazul\/wp-json\/wp\/v2\/pages\/16"}],"wp:attachment":[{"href":"https:\/\/www.ecocentropampazul.com.ar\/pampaazul\/wp-json\/wp\/v2\/media?parent=20"}],"curies":[{"name":"wp","href":"https:\/\/api.w.org\/{rel}","templated":true}]}}